et u = 255 + r. Is u a composite number?
True
Let m = 1796 - 235. Is m a composite number?
True
Let q = 10788 + -2179. Is q prime?
True
Let f = -7346 + 13543. Is f prime?
True
Is 4/(-7) + (-1082455)/(-385) a prime number?
False
Suppose 0 = 2*c + 4 - 12. Suppose -5*k = -2*r - 14, 4*k - 16 - 12 = c*r. Let h(l) = 3*l**2 - 5*l + 9. Is h(r) prime?
True
Suppose -16 = 10*x + 14. Let j(o) = -827*o + 22. Is j(x) a composite number?
False
Suppose -5*m = -3*z - 29, 0 = 5*m + 2*z - z - 17. Suppose 0 = f - 5, 625 = m*s + 3*f - 1582. Let u = s - 213. Is u prime?
False
Let f(h) = -13*h - 8. Let a = -29 - -22. Is f(a) a prime number?
True
Suppose 0 = 158*b - 165*b + 184289. Is b prime?
False
Let j(z) = 71*z**2 + 32*z - 56. Is j(11) prime?
True
Suppose 0 = -y + 4*j + 37498 + 14069, 0 = -5*y + j + 257911. Is y a composite number?
True
Let t(c) = -c**2 + 14*c - 6. Suppose k - 2*k - m = -5, 3 = -5*k + 2*m. Suppose -k = -5*g + 34. Is t(g) prime?
True
Suppose -2*o + 3*o = -2257. Is 24/(-60) - o/5 a composite number?
True
Let m = 8 + 2. Suppose -m + 88 = 3*c. Let x = -16 + c. Is x a composite number?
True
Suppose 0 = -3*o + 7*o - 916. Suppose -3*r = -2 - 7. Suppose o = r*l - 32. Is l prime?
False
Let h(k) = -140*k - 7. Let z(d) = 136*d + 8. Let g(v) = 3*h(v) + 2*z(v). Let o = -6 - -4. Is g(o) a composite number?
True
Suppose 3*o - 36 = 9. Suppose n + 3*t - o = 0, 0*t - 13 = n - 4*t. Is 9/n + (57 - -2) a prime number?
False
Let g = -3 + 8. Suppose g*k - 4*k = 75. Suppose 2*d + 67 - 245 = 5*v, d - k = -v. Is d a composite number?
False
Let z(c) = -21*c**2 - 3*c + 4. Let r(d) = -22*d**2 - 2*d + 3. Let w(l) = -6*r(l) + 5*z(l). Let u be w(-4). Let t = 631 - u. Is t prime?
False
Let u be (1 + -21)/(1 + 0). Let l be 5/u - (-17)/4. Let n = 93 + l. Is n composite?
False
Let r = 10 - 9. Let q = r - 4. Is (q - (3 - 3)) + 88 composite?
True
Let q(m) = 1947*m**2 + 20*m - 64. Is q(3) a composite number?
False
Let z = -8 - -11. Suppose -z*c + 28 = c. Is (-43)/2*(-14)/c prime?
True
Let n(s) = -s**3 - 6*s**2 - 3*s - 14. Suppose -18*p - 24 = -14*p. Let u be n(p). Suppose i = u*v - 2*i - 128, 3*v - 85 = 5*i. Is v prime?
False
Is 414/(-115) + 4/(-10) + 47739 a prime number?
False
Let q(o) = 4892*o**3 - o**2 + 2*o + 2. Let j be q(-1). Let a be 0 - (j - -3)/3. Suppose -3*l + l = -a. Is l prime?
False
Let f = 27424 - 9767. Is f a composite number?
False
Let r be (0/12)/(2/2). Suppose r = -k - 2*k + 1341. Suppose -521 - 39 = -5*s + b, 4*s - b - k = 0. Is s a composite number?
False
Suppose -258*r = -250*r - 988496. Is r prime?
False
Let a = -75 + 59. Is 24/a*13998/(-9) a composite number?
False
Suppose 2*s - 5*q = -q + 8, -5*s - 4*q = -62. Let x(b) be the third derivative of 55*b**4/24 + 5*b**3/2 + 2*b**2 + 6. Is x(s) a composite number?
True
Suppose -24 = w + 3*w. Let m = -2 - w. Suppose 0 = 3*n - 0*f - 5*f - 1306, 3*n - m*f = 1301. Is n composite?
True
Let n(f) = -f + 6. Let p be n(-3). Let a(c) be the second derivative of c**4/12 + c**3/6 - 13*c**2/2 - c. Is a(p) a prime number?
False
Suppose -1 = -5*q + 24. Suppose -q*n - 4 - 21 = -3*v, 0 = n + 5. Suppose v*d = d - 178. Is d a prime number?
False
Let n = 399 - 70. Suppose i + 6*d = 8*d + 103, 3*i - d - n = 0. Is i a composite number?
True
Suppose 224 = 3*a - 1636. Let g be ((-6)/(-4) + -1)*0. Suppose g = 5*h - a + 30. Is h a prime number?
False
Let i = 3061 - -1042. Is i composite?
True
Suppose 0 = -28*p + 31*p - 447. Is p a composite number?
False
Let z(d) = -d**3 + 12*d**2 + 6. Let c be z(12). Let y = c - 6. Suppose y = h + 4*u - 87, 167 = 2*h - 0*u + u. Is h composite?
False
Suppose 5*c = 19*c + 4970. Let w be ((-2)/(-4))/(1/168). Let o = w - c. Is o prime?
True
Suppose 47*k - 242950 = 229917. Is k composite?
False
Suppose -11*t + 42497 + 108258 = 0. Is t composite?
True
Suppose -3*y + 2*m = 163, -3*y + 3*m - 2*m = 167. Suppose 7*r - 1443 - 734 = 0. Let t = r + y. Is t a prime number?
False
Let g(q) = 18*q**2 + 14*q - 5. Is g(18) a composite number?
False
Suppose 4*m - 3*r = 4494 + 17563, -m + 5517 = 2*r. Suppose 0 = -5*l - 5*k + m, 12 = 4*k - 4. Is l a composite number?
True
Let h(n) = -3*n - 1. Let w be h(0). Let a(k) = 888*k**2 + 2*k + 1. Is a(w) a prime number?
True
Let k = -537 - -289. Let a = 87 - k. Is a composite?
True
Let c(j) be the second derivative of 40*j**3/3 - 9*j**2/2 - j. Is c(4) a prime number?
True
Let k = 8676 - 2435. Is k a composite number?
True
Let k(c) = -4*c**3 + c**2 + c. Let j be k(-1). Let q(r) = 10*r**3 - 2*r**2 + 7*r - 5. Is q(j) a prime number?
True
Let b = -30 + 18. Let k = 107 + b. Let s = 804 + k. Is s a composite number?
True
Suppose -2514 = 9*w - 18291. Is w a composite number?
False
Let n(l) = -12*l + 1. Let y(w) = 61*w - 4. Let c(z) = -11*n(z) - 2*y(z). Let t = -414 - -424. Is c(t) prime?
True
Let l(k) = 2*k**3 - 13*k**2 + 12*k + 16. Let m be l(8). Let r = 515 - m. Is r a composite number?
False
Let k(n) = 8*n**3 + 2*n**2 - n - 5. Let x be k(3). Suppose -3*a - x = -5*a. Is a a composite number?
False
Suppose 2*q + q = -2*w + 2369, w + q = 1185. Is w composite?
True
Suppose 4*w - 1814 + 729 = 3*o, -2*o + 3*w - 724 = 0. Let g = -359 + o. Let k = g - -1017. Is k prime?
False
Suppose -3*c = -4*c - j + 8, 5*c + j - 28 = 0. Suppose 5*n = n + 20, c*n - 9875 = -2*l. Suppose -2*z = -7*z + l. Is z prime?
False
Suppose -b + 6*b = 0. Suppose b = -2*j + j + 520. Suppose -v + 255 = g, j = -0*g + 2*g - 3*v. Is g prime?
True
Suppose -314 = -4*f + 478. Let w = 587 - f. Is w prime?
True
Suppose 4*y - 2*y = 5*b + 10937, -2*y + 10919 = b. Is y a prime number?
False
Let k(z) = -z**3 + 15*z**2 - 15*z + 17. Let d be k(14). Suppose -1336 = -4*m - 5*w + d*w, 4*w = -8. Is m prime?
False
Let m(y) = 20*y**2 + 17*y + 35. Is m(14) a prime number?
False
Is 1473 - 1/((-3)/12) a prime number?
False
Let i(q) = 156*q**2 + 1. Let s be ((-4)/(-6))/((-4)/6). Is i(s) prime?
True
Suppose -208*j + 218*j - 3930 = 0. Is j a prime number?
False
Let m(s) = 0 + 10*s + 9*s**2 - 1 - 2 + s**3. Let f be m(-7). Is 3/5 - (-5460)/f a composite number?
True
Suppose 4*g - 708 = -2*r, 7 = -2*g - 4*r + 355. Suppose -5*b = -g - 97. Suppose 2*q = -2*j + 262, b = -q - 2*j + 186. Is q composite?
False
Let o = -2430 + 6193. Is o a prime number?
False
Let o be (1 - 0 - -2) + 1 - -1. Suppose 822 = 4*p - o*x, -x + 294 = 2*p - 110. Is p composite?
True
Let v = 13673 - 7241. Suppose 0 = 2*r + 2*z + 1072 - 3648, -3*z - v = -5*r. Let f = r - 894. Is f a composite number?
True
Let f(j) = 117*j. Let i be f(8). Let t = i + -529. Is t composite?
True
Suppose 2*r + 0 = 4. Suppose 3*l - 3458 = -5*o, 0*o - 2 = -r*o. Is l a composite number?
False
Is (6/9)/(16/326184) a prime number?
True
Suppose -4*m + m = -63. Suppose 14 = 5*f - m. Suppose 2*a = f*a - 185. Is a prime?
True
Suppose -3*o + 5*o - 4*j = -4, -4 = -5*o - 4*j. Is o + 1897 - (-4 + 6) a prime number?
False
Let d(b) = 202*b**2 - 2*b + 6. Let f be d(3). Suppose 0*g - 2*g = -5*y - f, 0 = 4*y - 16. Is g composite?
False
Let m = 17108 + 14251. Is m prime?
False
Let g(p) = -7*p**3 + p**2 + 1. Let s(t) = -3*t - 2 + t**2 + 2*t + 3 - 3*t. Let c be s(2). Is g(c) a prime number?
True
Let c(v) = v**3 - v**2 + 5. Let w be c(0). Suppose 0 = w*l - 3 - 7. Suppose 4*n - l*u - 2066 = 0, -3*n = -0*n - 2*u - 1549. Is n prime?
False
Let f(i) = -i**3 - 2*i**2 - 3*i - 1. Let h be f(-3). Suppose -h*x - 2648 = -21*x. Is x composite?
True
Let f(q) = -q**2 + q + 3603. Let t be f(0). Suppose -4*l + t = -l. Is l a composite number?
False
Let p(l) be the second derivative of l**3/6 + 5*l**2/2 + 5*l. Let r be p(0). Let u = r + 6. Is u a prime number?
True
Suppose 1383*q - 1379*q - 132596 = 0. Is q a prime number?
True
Suppose -16*o = 26 + 6. Is (-3560)/(-16)*(o - -4) a composite number?
True
Suppose v + 6 - 4 = 5*q, -2*q - v + 5 = 0. Is 3*q + (-812)/(-2) prime?
True
Let c(a) = a**3 - 5*a**2 - 7*a + 4. Let p = -3 + 9. Let m be c(p). Is 5/((m/(-46))/1) composite?
True
Suppose -4*j + 27204 = 2*f, -2*f + 5*f + 34027 = 5*j. Is j prime?
True
Suppose 4*k = -h - 6, 0*k = h - 2*k. Let q be (h + 3 - 1) + -6. Is q/2 + -1 + 71 a composite number?
False
Let n be 2 - -73*(-3 + 4). Let t = n - 40. Is t a prime number?
False
Let u(w) = w**3 - 21*w**2 - 26*w + 57. Let z(l) = -l**3 + 14*l**2 + 4*l - 33. Let v be z(14). Is u(v) a prime number?
False
Let v